alse
Does 282 divide 2056747?
False
Is 910611 a multiple of 181?
True
Does 21 divide 316575?
True
Is 2129088 a multiple of 18?
False
Is 134801 a multiple of 40?
False
Is 4494177 a multiple of 5?
False
Does 10 divide 74215?
False
Is 22909 a multiple of 213?
False
Is 2938744 a multiple of 956?
True
Is 983 a factor of 159850?
False
Does 16 divide 98848?
True
Is 19 a factor of 8157213?
True
Is 101 a factor of 29896?
True
Does 15 divide 110159?
False
Does 681 divide 3144300?
False
Is 94 a factor of 418605?
False
Is 87 a factor of 1566261?
True
Does 30 divide 369281?
False
Is 2971786 a multiple of 271?
True
Is 2158422 a multiple of 6?
True
Does 6 divide 1398168?
True
Is 16 a factor of 349538?
False
Is 1029756 a multiple of 84?
True
Does 4 divide 144668?
True
Is 23 a factor of 13553390?
False
Is 1040376 a multiple of 78?
False
Is 300466 a multiple of 19?
True
Is 98230 a multiple of 235?
True
Is 4942403 a multiple of 535?
False
Does 945 divide 8691251?
False
Is 23 a factor of 81528?
False
Is 941 a factor of 9152166?
True
Is 237440 a multiple of 16?
True
Does 171 divide 1013751?
False
Is 2 a factor of 189?
False
Is 632244 a multiple of 12?
True
Does 258 divide 1342736?
False
Is 43 a factor of 1374151?
True
Is 49293 a multiple of 338?
False
Is 75141 a multiple of 23?
True
Does 1432 divide 988080?
True
Does 11 divide 533137?
True
Is 493452 a multiple of 12?
True
Is 57150 a multiple of 207?
False
Does 3 divide 98021?
False
Is 17 a factor of 537183?
True
Is 57 a factor of 52497?
True
Is 40 a factor of 104640?
True
Is 1962660 a multiple of 210?
True
Is 246 a factor of 107383?
False
Is 88 a factor of 92200?
False
Does 33 divide 48807?
True
Is 5 a factor of 64938?
False
Is 100 a factor of 27900?
True
Does 37 divide 1033846?
False
Is 119297 a multiple of 5?
False
Does 8 divide 11946665?
False
Is 179597 a multiple of 15?
False
Does 95 divide 62442?
False
Does 18 divide 5507028?
True
Does 2 divide 60215?
False
Is 70 a factor of 509394?
False
Is 260849 a multiple of 636?
False
Is 191740 a multiple of 53?
False
Is 479780 a multiple of 149?
True
Is 4414496 a multiple of 15?
False
Is 237 a factor of 91719?
True
Is 8023616 a multiple of 32?
True
Is 144288 a multiple of 16?
True
Does 406 divide 998648?
False
Does 573 divide 271657?
False
Is 21 a factor of 684690?
False
Does 201 divide 9922365?
True
Is 1996247 a multiple of 62?
False
Is 1047438 a multiple of 71?
False
Is 9 a factor of 4273605?
True
Is 530190 a multiple of 129?
True
Is 16 a factor of 2617641?
False
Is 83146 a multiple of 84?
False
Does 49 divide 2611455?
True
Is 9 a factor of 11479?
False
Is 26 a factor of 812136?
True
Does 265 divide 2899100?
True
Is 779014 a multiple of 18?
False
Is 4223997 a multiple of 4?
False
Does 73 divide 486910?
True
Is 128254 a multiple of 7?
True
Is 520 a factor of 5502900?
False
Is 1384308 a multiple of 18?
True
Does 13 divide 3462946?
False
Is 441 a factor of 1090836?
False
Does 173 divide 6439579?
True
Is 2751168 a multiple of 46?
True
Is 2064744 a multiple of 632?
True
Does 15 divide 30270?
True
Is 2825671 a multiple of 15?
False
Does 51 divide 330267?
False
Does 5 divide 374608?
False
Is 62 a factor of 176658?
False
Is 530848 a multiple of 313?
True
Is 10 a factor of 410510?
True
Is 2277514 a multiple of 4?
False
Does 8 divide 145144?
True
Is 3173912 a multiple of 152?
True
Is 32779 a multiple of 72?
False
Is 2501732 a multiple of 244?
True
Does 64 divide 56640?
True
Does 122 divide 889746?
True
Is 152 a factor of 169480?
True
Does 3 divide 147?
True
Is 112 a factor of 5534480?
True
Does 157 divide 291392?
True
Is 31 a factor of 1532933?
False
Does 180 divide 693720?
True
Is 24 a factor of 1459680?
True
Is 37 a factor of 163207?
True
Is 29232 a multiple of 63?
True
Does 22 divide 26636?
False
Is 3839790 a multiple of 17?
True
Is 43 a factor of 133386?
True
Is 62 a factor of 133238?
True
Is 9 a factor of 105228?
True
Does 11 divide 4865478?
False
Does 130 divide 684190?
True
Is 108 a factor of 786908?
False
Does 184 divide 96600?
True
Does 1999 divide 5881218?
False
Does 65 divide 10797410?
True
Does 56 divide 77409?
False
Is 97 a factor of 32204?
True
Does 80 divide 141280?
True
Is 14 a factor of 7515150?
False
Does 36 divide 228672?
True
Does 214 divide 1349484?
True
Does 537 divide 32457354?
True
Is 144 a factor of 5342260?
False
Is 371 a factor of 2711268?
True
Is 22 a factor of 185746?
True
Is 23 a factor of 5600546?
True
Is 17065 a multiple of 150?
False
Does 12 divide 121583?
False
Does 250 divide 74248?
False
Is 22 a factor of 17003?
False
Is 374 a factor of 29920?
True
Is 68 a factor of 2464676?
False
Is 1352862 a multiple of 18?
True
Is 12 a factor of 2428778?
False
Does 32 divide 313056?
True
Is 30 a factor of 4384190?
False
Does 3 divide 93474?
True
Is 81878 a multiple of 185?
False
Is 27482 a multiple of 21?
False
Is 2 a factor of 1023951?
False
Is 159048 a multiple of 72?
True
Is 35 a factor of 436240?
True
Does 26 divide 2341?
False
Is 39 a factor of 12738417?
False
Is 2020 a factor of 19636077?
False
Is 124 a factor of 93496?
True
Is 8 a factor of 230046?
False
Is 57932 a multiple of 28?
True
Does 56 divide 4344050?
False
Does 8 divide 79976?
True
Is 17 a factor of 544395?
False
Does 6 divide 1108842?
True
Is 7 a factor of 387998?
False
Is 9237900 a multiple of 50?
True
Is 3 a factor of 35807?
False
Is 341063 a multiple of 24?
False
Is 2388064 a multiple of 18?
False
Does 9 divide 229738?
False
Is 440 a multiple of 10?
True
Is 238 a factor of 36176?
True
Is 556117 a multiple of 161?
False
Does 38 divide 106856?
True
Does 5 divide 17355?
True
Does 192 divide 1337156?
False
Is 187 a factor of 2101042?
False
Is 208083 a multiple of 111?
False
Is 874 a factor of 669484?
True
Is 2153304 a multiple of 324?
True
Does 2 divide 161544?
True
Is 1901340 a multiple of 270?
True
Is 16 a factor of 24853168?
True
Is 59 a factor of 198004?
True
Does 54 divide 1626974?
False
Is 27146859 a multiple of 931?
False
Does 2 divide 18140?
True
Does 145 divide 116354?
False
Is 14988 a multiple of 4?
True
Is 479421 a multiple of 88?
False
Is 18479 a multiple of 2?
False
Is 2389338 a multiple of 43?
True
Does 24 divide 139896?
True
Is 1572 a factor of 23150844?
True
Is 150 a factor of 158550?
True
Is 738432 a multiple of 9?
True
Is 33 a factor of 68105?
False
Is 25 a factor of 323414?
False
Does 241 divide 613887?
False
Is 26460 a multiple of 54?
True
Does 69 divide 1678494?
True
Is 12 a factor of 110544?
True
Does 737 divide 2462073?
False
Does 7 divide 6673960?
False
Is 66 a factor of 87330?
False
Does 41 divide 74702?
True
Does 104 divide 4817388?
False
Is 48760 a multiple of 5?
True
Is 109 a factor of 348893?
False
Is 133 a factor of 971749?
False
Is 285 a multiple of 19?
True
Is 62 a factor of 836752?
True
Does 37 divide 17708744?
False
Does 6 divide 139386?
True
Is 132 a factor of 457147?
False
Is 563817 a multiple of 31?
False
Is 18 a factor of 389951?
False
Is 19 a factor of 1119157?
True
Does 86 divide 1556772?
True
Is 6 a factor of 59802?
True
Does 18 divide 352044?
True
Is 378720 a multiple of 152?
False
Is 10798 a multiple of 6?
False
Does 1111 divide 8131607?
False
Is 1207800 a multiple of 450?
True
Is 438 a factor of 127647?
False
Is 6 a factor of 117144?
True
Is 341642 a multiple of 39?
False
Is 393 a factor of 361560?
True
Is 708 a factor of 130781?
False
Is 127436 a multiple of 49?
False
Is 101 a factor of 156638?
False
Is 230 a factor of 1360067?
False
Is 15370537 a multiple of 13?
True
Is 843 a factor of 953433?
True
Is 8291700 a multiple of 740?
True
Does 27 divide 109026?
True
Is 3743744 a multiple of 512?
True
Does 76 divide 1757065?
False
Is 171 a factor of 1161432?
True
Is 49 a factor of 9253910?
False
Is 2608894 a multiple of 502?
True
Is 238 a factor of 249802?
False
Does 29 divide 23363357?
True
Is 17 a factor of 366163?
True
Does 57 divide 258202?
False
Does 81 divide 1528730?
False
Does 13 divide 700582?
False
Is 262 a factor of 42947?
False
Does 247 divide 575825?
False
Is 5 a factor of 2689949?
False
Is 201023 a multiple of 74?
False
Does 9 divide 229050?
True
Is 87697 a multiple of 119?
False
Is 96 a factor of 11136?
True
Does 49 divide 129948?
True
Does 154 divide 163086?
True
Does 29 divide 23061873?
True
Does 58 divide 250908?
True
Does 301 di